*2 - 26*k - 10. Determine v(9).
-1
Let i(l) = -l**2 - 9*l + 28. Determine i(-13).
-24
Let k(t) = 2*t**2 + 25*t - 38. What is k(-12)?
-50
Let s(d) = -3*d + 13. What is s(8)?
-11
Let f(l) = 4*l + 10. What is f(7)?
38
Let u(o) = o**3 + 11*o**2 + 16*o - 6. Determine u(-9).
12
Let v(s) = -s**2 - 11*s - 2. What is v(-11)?
-2
Let l(v) = 2*v - 2. Give l(1).
0
Let f(j) = 8*j + 25. Calculate f(6).
73
Let r(p) = 2*p**3 + 14*p**2 - p - 17. Determine r(-7).
-10
Let u(v) = -2*v**2 - v - 10. Calculate u(3).
-31
Let t(w) = w**2 + 7*w - 11. Calculate t(-10).
19
Let y(x) = -x**3 + 9*x**2 - 8*x + 5. Calculate y(9).
-67
Let u(n) = -3*n - 10. Determine u(-4).
2
Let b(i) = 7*i**2 - 2*i - 3. Determine b(-2).
29
Let g(q) = q**2 + 14*q + 30. Calculate g(-9).
-15
Let d(x) = x**2 - 3*x - 20. Give d(6).
-2
Let j(z) = z**3 + 8*z**2 + 6*z + 6. Give j(-7).
13
Let g(d) = -d - 1. Give g(-6).
5
Let g(c) = -c**3 + 11*c**2 - 3*c + 12. Give g(11).
-21
Let r(i) = i**2 + 3*i + 7. What is r(-4)?
11
Let n(t) = -108*t**2 - 6*t + 7. Give n(1).
-107
Let j(a) = -a**2 - 2*a + 2. Give j(2).
-6
Let q(m) = -24*m + 6. Determine q(-5).
126
Let j(y) = y**3 + 6*y**2 + 16*y + 45. Calculate j(-5).
-10
Let d(u) = 2*u**3 - 12*u**2 - 14*u + 2. What is d(7)?
2
Let p(s) = -s**2 + 3*s. Determine p(7).
-28
Let v(h) = -4*h**2 - 10*h. What is v(-2)?
4
Let a(q) = -3*q + 1. Calculate a(2).
-5
Let s(b) = b - 62. What is s(0)?
-62
Let a(p) = -15*p + 92. Calculate a(6).
2
Let x(o) = -2*o**2 + o + 6. Calculate x(-2).
-4
Let g(p) = -p**2 + 24*p + 70. Give g(27).
-11
Let l(t) = t**3 - 16*t**2 + 8. What is l(16)?
8
Let y(h) = -h**3 - 17*h**2 - 16*h + 23. What is y(-16)?
23
Let m(a) = a**3 - 4*a**2 - 4*a - 2. Give m(5).
3
Let y(v) = -v**2 + v + 99. Calculate y(11).
-11
Let d(v) = -3*v + 3. Calculate d(-5).
18
Let w(v) = 12*v**2 - 91*v + 44. Give w(7).
-5
Let u(i) = -i**3 + 4*i**2 - 2*i + 5. Determine u(4).
-3
Let s(c) = 6*c - 2. What is s(-2)?
-14
Let c(z) = 3*z + 21. Give c(-7).
0
Let p(t) = 5*t**2 + 4*t + 6. Give p(-3).
39
Let p(d) = -2*d - 7. What is p(-5)?
3
Let z(g) = -g**3 - 2*g - 38. Determine z(0).
-38
Let h(j) = -j**3 - 10*j**2 - 22*j + 14. Determine h(-6).
2
Let s(d) = -9*d - 86. Calculate s(-10).
4
Let o(i) = i**2 + 3*i - 36. Give o(5).
4
Let c(r) = 19*r - 64. Calculate c(3).
-7
Let n(z) = 2*z**2 + 61*z - 95. Calculate n(-32).
1
Let x(s) = s**3 - 3*s + 2. What is x(1)?
0
Let v(a) = a**3 + 14*a**2 + a + 11. Determine v(-14).
-3
Let r(v) = v**2 + 13*v + 4. Determine r(-9).
-32
Let m(o) = -o**3 - 8*o**2 + o + 4. Give m(-7).
-52
Let a(j) = j**3 + 16*j**2 + 15*j - 5. Give a(-15).
-5
Let o(v) = v**2 + 2*v - 1. Give o(2).
7
Let w(l) = 7*l + 78. What is w(-8)?
22
Let s(z) = z**3 - 17*z**2 - 18*z + 9. What is s(18)?
9
Let a(t) = t**3 + 3*t**2 - 10*t - 7. What is a(-4)?
17
Let d(j) = 2*j**3 + 5*j**2 + 10. Calculate d(-5).
-115
Let v(h) = h**2 + 8*h + 12. Give v(-5).
-3
Let l(b) = -b**3 - 16*b**2 + 22. What is l(-16)?
22
Let x(t) = 8*t**2 + 2*t + 2. Determine x(-1).
8
Let d(r) = -2*r**3 - 4*r**2 - r + 2. Calculate d(-2).
4
Let g(v) = v**2 - 10*v + 11. What is g(9)?
2
Let t(w) = w**2 - 9*w - 9. Calculate t(9).
-9
Let n(i) = -16*i. Calculate n(2).
-32
Let f(i) = -i**2 - i + 14. Give f(0).
14
Let d(h) = 9*h + 13. Determine d(0).
13
Let o(h) = h**2 - 13*h - 5. Calculate o(13).
-5
Let r(u) = -u**3 - 8*u**2 - 5*u - 8. Calculate r(-6).
-50
Let r(h) = -2*h**2 + 28*h - 76. Determine r(5).
14
Let r(k) = -k**2 - 7*k + 6. What is r(1)?
-2
Let z(r) = 3*r**2 - r + 1. Give z(2).
11
Let c(a) = -2*a**2 + 3*a - 12. What is c(4)?
-32
Let w(l) = -8*l + 58. What is w(7)?
2
Let q(k) = -4*k - 5. Determine q(-6).
19
Let i(z) = -4*z - 93. Determine i(-22).
-5
Let l(p) = 32*p + 184. What is l(-6)?
-8
Let p(h) = h**2 - 3*h + 7. What is p(-3)?
25
Let m(k) = 3*k + 21. Determine m(-5).
6
Let g(o) = 13*o - 106. Determine g(8).
-2
Let s(m) = 5*m + 14. Give s(-6).
-16
Let p(z) = -z**2 + 67*z - 250. Calculate p(4).
2
Let x(g) = 14*g + 83. What is x(-5)?
13
Let y(r) = r**2 - 12*r - 20. What is y(15)?
25
Let b(q) = -3*q + 32. Give b(12).
-4
Let u(c) = -c**2 + 19*c - 9. What is u(17)?
25
Let f(j) = -j**2 + 18*j - 18. Calculate f(21).
-81
Let l(d) = -21*d + 14. Determine l(2).
-28
Let t(x) = 2*x + 1. What is t(4)?
9
Let t(u) = 52*u - 355. Calculate t(7).
9
Let v(w) = -9*w. What is v(1)?
-9
Let k(t) = 4*t + 59. What is k(-13)?
7
Let g(q) = -9*q**3 + 2*q**2 - 1. Calculate g(-1).
10
Let u(b) = -b**2 - 7*b + 56. Give u(5).
-4
Let g(w) = -41*w - 26. Determine g(-1).
15
Let c(s) = 6*s**2 + 4*s + 2. Calculate c(-1).
4
Let d(m) = -9*m - 9. What is d(-7)?
54
Let c(k) = k**3 - 4*k**2 - 3*k + 5. Calculate c(3).
-13
Let c(b) = 16*b - 9. What is c(1)?
7
Let j(t) = 2*t**2 - 10*t - 34. Give j(8).
14
Let l(q) = 2*q - 4. Give l(5).
6
Let w(s) = 18*s + 145. Calculate w(-8).
1
Let g(l) = -l**3 - 20*l**2 - 31*l + 92. Determine g(-18).
2
Let a(t) = -t**2 - 16*t - 15. Calculate a(-15).
0
Let b(t) = -t**2 - 15*t - 39. Determine b(-16).
-55
Let a(t) = -7*t + 363. Give a(51).
6
Let k(w) = 3*w + 21. Determine k(-11).
-12
Let s(z) = -3*z**2 - 2. Determine s(2).
-14
Let h(c) = -c**2 - 12*c + 48. Calculate h(-15).
3
Let g(o) = -2*o + 22. Determine g(10).
2
Let b(s) = s + 7. Give b(-2).
5
Let p(y) = y**2 - 2*y - 5. Calculate p(6).
19
Let g(f) = -f**2 - 9*f + 29. Determine g(0).
29
Let a(f) = -f**3 - 7*f**2 - 4*f + 36. Calculate a(-5).
6
Let x(b) = -2*b**2 - 7*b + 1. What is x(-7)?
-48
Let b(f) = -46*f + 56. What is b(1)?
10
Let b(y) = -2*y**2 - 2*y - 4. Calculate b(-3).
-16
Let h(i) = i**3 - 11*i**2 - 60*i + 9. Give h(15).
9
Let a(y) = y**3 + 16*y**2 - 4. What is a(-16)?
-4
Let g(x) = -x - 35. Calculate g(-5).
-30
Let k(g) = 15*g - 40. What is k(3)?
5
Let w(q) = -5*q**3 - q**2 + 3*q - 1. Calculate w(1).
-4
Let x(k) = k**2 - k - 7. What is x(0)?
-7
Let s(y) = -y - 27. What is s(-10)?
-17
Let m(x) = -2*x + 1. Determine m(-1).
3
Let t(s) = -43*s**2 + s. Determine t(1).
-42
Let r(t) = 2*t**2 - 11*t + 8. Determine r(8).
48
Let g(p) = p**3 - 5*p**2 - p + 6. What is g(2)?
-8
Let h(a) = a**2 + 3*a + 2. Give h(-1).
0
Let m(n) = n**2 - 5*n - 1. Calculate m(1).
-5
Let x(q) = -8*q**3 - q. What is x(-1)?
9
Let v(a) = -6*a**2 - 2*a. Give v(-2).
-20
Let w(k) = k**2 - 7*k + 1. What is w(6)?
-5
Let u(l) = -29*l + 23. Determine u(1).
-6
Let g(r) = -r**3 + 7*r**2 - 5*r - 1. What is g(4)?
27
Let f(r) = -r**2 + 2*r - 5. Calculate f(5).
-20
Let k(u) = u**3 + 6*u**2 + 5*u + 1. Calculate k(-5).
1
Let a(o) = o**3 - 11*o**2 + 2. Calculate a(11).
2
Let h(p) = p**2 + 4*p - 6. Give h(-5).
-1
Let l(i) = 2*i**2 + 12*i. Calculate l(-13).
182
Let s(a) = -2*a**3 + 29*a**2 + 7*a + 125. Calculate s(15).
5
Let p(y) = y - 44. Give p(8).
-36
Let b(l) = l**3 - 6*l**2 + l + 1. Determine b(6).
7
Let n(g) = -g**2 + 17*g - 30. What is n(16)?
-14
Let r(x) = -17*x + 213. Give r(0).
213
Let l(w) = 4*w**3 + w**2 - w - 1. Give l(-1).
-3
Let n(a) = -a**3 - 6*a**2 - 4*a + 6. Determine n(-5).
1
Let g(s) = -2*s**2 + 28*s + 4. Determine g(14).
4
Let q(c) = -20*c - 33. Calculate q(-6).
87
Let i(d) = d**3 - 12*d**2 - 6*d - 7. Determine i(12).
-79
Let s(z) = 7*z - 5. Determine s(4).
23
Let y(o) = -o**3 - 17*o**2 - 17*o - 4. What is y(-16)?
12
Let g(q) = q**3 + 9*q**2 + 7*q + 4. What is g(-8)?
12
Let l(f) = 2*f**2 + 3. Calculate l(-4).
35
Let u(f) = f + 12. What is u(0)?
12
Let v(o) = -6*o**3 + 2*o - 1. Calculate v(1).
-5
Let s(j) = -3*j + 23. Determine s(7).
2
Let o(k) = k**3 + 6*k**2 - 10*k + 8. Determine o(-8).
-40
Let f(q) = 2*q - 11. What is f(-3)?
-17
Let u(f) = -32*f**3 + f**2 - 1. Determine u(-1).
32
Let f(p) = -p**2 - 15*p - 8. Calculate f(-15).
-8
Let p(b) = 10*b + 1. What is p(-4)?
-39
Let m(n) = 4*n**2 + 2*n + 4. Determine m(-1).
6
Let x(q) = 7*q + 121. Determine x(-17).
2
Let t(q) = -3*q**2 + 28*q - 6. Determine t(8).
26
Let y(x) = x**3 + 14*x**2 - 18*x + 3. Calculate y(-15).
48
Let a(g) = -g**2 - 11*g. Calculate a(-11).
0
Let f(x) = 15*x - 3. Calculate f(1).
12
Let l(s) = s**2 + 12*s + 9. Determine l(-9).
-18
Let a(v) = 32*v - 35. Determine a(2).
29
Let b(c) = -c**2 - 14*c - 34. Calculate b(-11).
-1
Let o(h) = -h**2 - 2*h + 29. Give o(5).
-6
Let u(b) = 3*b**2 - 15*b + 22. Give u(5).
22
Let q(u) = -u**2 - u + 12. Give q(-4).
0
Let g(r) = -8*r - 7. Determine g(13).
-111
Let w(a) = -a**3 - 7*a**2 - 7*a + 1. Calculate w(-6).